13. Let u(v) = v**2 + 3. Let z(x) = 2*j(x) + 9*u(x). What is z(4)?
-7
Let z(u) = u**2 - u - 4. Suppose -5*a = f + 21, 4*f - 2*a + 0*a - 4 = 0. Let l = f - -1. Suppose l = -4*i + i. Give z(i).
-4
Let c(d) = 16*d + 14*d + 1 - 34*d. What is c(-2)?
9
Let q(j) = -j**3 - 3*j**3 + 3*j**3 - 5*j + 5 + 4*j**2. Let p(h) = h + 13. Let w be p(-9). Determine q(w).
-15
Let b(d) = -d - 6. Suppose 12 = -3*g - 6. Give b(g).
0
Let g(n) = -n. Let a(w) = w**2 - 4*w - 7. Let z be a(5). Give g(z).
2
Let a(o) = o**2 - 7*o - 7. Let m be a(7). Let i(u) = -u**2 + 7*u + 2. Let y(g) = -2*g**2 + 15*g + 5. Let h(b) = m*i(b) + 3*y(b). Give h(4).
1
Let i(z) = -2*z. Let n(t) = t**2 - 6*t - 7. Let j be n(7). Suppose 0 = g - 2, j*x = 5*x + 5*g - 30. Suppose -x*u = -u + 9. Determine i(u).
6
Let s(y) = 5*y**3 - 7*y**2 - 6 - 4*y**3 + y**2 - 7*y - 2*y**3. Let c be s(-5). Let o(k) = -k**3 + 3*k**2 + 3*k - 2. What is o(c)?
-6
Let p(m) = -m**2 - 4*m + 5. Suppose -i - 15 = -3*r, 11 = -2*i + 5*r - 14. Suppose -4*t - 4 + i = 0. Let u be -6 + (-1 + 2 - t). Determine p(u).
5
Let q(p) = p**3 + 5*p**2 + p - 5. Suppose -5*z - b - 24 = 0, -z - 1 = 3*b + 1. Determine q(z).
-10
Let n(k) = k**2 - 5*k - 7. Let z be (-1290)/(-105) - (-2)/(-7). Suppose o - z = -o. Determine n(o).
-1
Suppose 0 = 3*a + o - 1 - 1, 4*a + 4*o + 8 = 0. Let j be 0*1/3 + a. Let g(p) = 2*p + 1. Calculate g(j).
5
Let l(d) be the second derivative of d**3/3 + d**2/2 + 8*d. Suppose 0 = -2*z - 4. Let i = z + 1. What is l(i)?
-1
Let g(c) = -c**2 + 4*c - 2. Suppose -5*m = 367 + 1843. Let z be m/(-117) - 4/(-18). What is g(z)?
-2
Suppose -2*o + 5 = 1. Suppose o*b + 2*b = 4. Let v(d) = d + 0 - d - d**3 + b. Determine v(1).
0
Let z(v) = -5*v**3 + 7*v**2 - 2*v + 2. Let r(o) = 3*o**3 - 5*o**2 + o - 1. Let t(x) = 8*r(x) + 5*z(x). Determine t(-5).
12
Let j(q) = 2*q**3 + 4*q**2 + 3*q. Let g = 3 + -5. Give j(g).
-6
Let n(b) = b**3 - 6*b**2 + 6*b - 3. Suppose 5 = -3*d + 23. Let o be 2 - ((3 - d) + 1). Let g(x) = x**3 - 3*x**2 - 3*x + 1. Let v be g(o). Determine n(v).
2
Let o(m) = -m + 3. Let z(u) = 3*u - 8. Let t(g) = -6*g + 17. Let f(w) = 2*t(w) + 5*z(w). Let c(v) = -2*f(v) - 5*o(v). Let l = 7 - 12. Determine c(l).
2
Let h = 47 + -42. Let l(i) = -5*i. What is l(h)?
-25
Let v(i) = -27*i + 7. Let d(t) = 14*t - 3. Let s(o) = 5*d(o) + 2*v(o). Calculate s(-1).
-17
Let b(i) = -9*i + 10. Let j(p) = p - 1. Let k(d) = -b(d) - 4*j(d). Let s(t) = 6*t - 7. Let g(o) = 7*k(o) - 6*s(o). Give g(-5).
5
Let n be 1/(-1 - (-8)/4). Let p be n/(-2*(-1)/(-4)). Let o(a) = a**2 + 2*a + 3. Give o(p).
3
Let y(w) = w**2 + 3*w - 3. Let s(f) = f**3 - 10*f**2 + 2. Let j be s(10). Determine y(j).
7
Let x(r) be the first derivative of -4*r + 2*r - 2 + r. Let y(k) = 3*k - 9. Let b(n) = 5*x(n) - y(n). What is b(3)?
-5
Let m(w) be the second derivative of w**8/6720 + w**7/840 - w**6/240 + w**5/24 + w**4/4 - 5*w. Let n(i) be the third derivative of m(i). Give n(-4).
1
Let v(c) = 7*c**3 - c**2 - c. Let q be (1 + -3)/(-2)*-1. What is v(q)?
-7
Let v = 5 - 3. Suppose -4*s - 5*t + v = 0, 5*s = s - 4*t + 4. Let k(y) be the second derivative of y**3/6 + 16*y. Determine k(s).
3
Let j(l) be the third derivative of l**5/6 + l**4/24 + 4*l**2. Determine j(1).
11
Suppose 0 = p - 2*p. Let b = p + 7. Let c(q) = q + 1. Determine c(b).
8
Let i(f) be the third derivative of -f**5/60 - f**4/6 + 2*f**3/3 + 19*f**2. What is i(3)?
-17
Suppose -2*f - 5*z = -23, f + 3*z + 5 = 19. Let b(y) = 1. Let s(n) = -n - 3. Let d(l) = f*s(l) + 6*b(l). Determine d(-6).
3
Let a be 42/8 + 9/(-36). Suppose a = 5*b - 0. Let c(g) = -3*g - 1. Give c(b).
-4
Suppose 3*z + 2 = 2*z. Let q be (-3)/6*(-2 + 2). Let x(m) = 2 + 4*m - 2*m + q. Give x(z).
-2
Let b(a) be the third derivative of -3*a**5/20 + a**4/12 - a**3/6 - 21*a**2. Calculate b(1).
-8
Let a(k) = k**2 + 1. Let h(z) = z - z + 53 - 54 - 2*z**2. Let o(v) = -7*a(v) - 4*h(v). What is o(3)?
6
Let w(r) be the first derivative of r**3 + 3*r - 3/2*r**2 - 2 + 1/12*r**4. Let z(y) be the first derivative of w(y). What is z(-3)?
-12
Let v(j) be the third derivative of -j**5/60 + j**4/8 - 5*j**3/6 + 10*j**2. Calculate v(5).
-15
Let w(z) = -2*z + z**2 + z + 13 - 7*z - 2*z. Let a be w(9). Let j(k) = -6 - 2*k + 6*k - a*k - k. Determine j(-5).
-1
Let v(n) = -n + 1. Let m be v(0). Let y(l) = 5*l**3 - 2*l + 1. Give y(m).
4
Let o(k) = 2*k**3 + 7*k**2 + 5*k + 5. Let t(h) = -h**3 - 7*h**2 - 6*h - 6. Let f(x) = -2*o(x) - 3*t(x). Calculate f(8).
8
Let n(i) = i - 4. Let t = 14 - 9. Give n(t).
1
Let a be (-2)/7 - 23/(-7). Let s(c) = 3*c - c + c**a - 1 - 2*c + 2*c + 4*c**2. Determine s(-2).
3
Let b be (-76)/18 + 10/45. Let k be b/(-6)*(-4 - -1). Let f(j) = -3*j**2 - 3*j - 1. Give f(k).
-7
Suppose -4 = -q + 5*q. Let p(w) be the second derivative of -w**7/1260 - w**5/120 - w**4/12 - w. Let m(j) be the third derivative of p(j). Give m(q).
-3
Let b(j) = -j - 6. Let m be 15*-2*4/20. Calculate b(m).
0
Let t(n) = -2 - 2*n + n**2 + 4 + 2*n + n. What is t(2)?
8
Let i(r) = r - 6. Suppose -4*u - 2 = 26. What is i(u)?
-13
Let d(o) = 6 + o**2 - 6*o - o - 1 + 1. Give d(5).
-4
Suppose -2*b = -2 + 4. Let d(x) = 7*x**3 - x. Calculate d(b).
-6
Let i(u) = u**3 + 6*u**2 + 3*u - 5. Let o be ((-3)/(-6))/((-4)/48). Give i(o).
-23
Let x(d) = -d**2 + 8*d - 4. Suppose 0 = 3*g - 4*m - 90, 9 = -2*m + 3. Let h = -20 + g. What is x(h)?
8
Let d(h) = h + 8. Let k(f) = 3*f + 23. Let p = 23 - 6. Let r(l) = p*d(l) - 6*k(l). Suppose 3*m + 6*n - 9 = 3*n, 5*m - 4*n - 33 = 0. Give r(m).
-7
Let i(y) = y**3 - 6*y**2 - y - 8. Let g(l) = l**2 + 19*l + 24. Let t be g(-18). What is i(t)?
-14
Let v(l) = -l**2 + 25. Let j(d) = d**2 + 4*d - 21. Let t be j(-7). What is v(t)?
25
Let u(i) be the third derivative of i**4/8 + 7*i**3/6 - 49*i**2. Calculate u(-5).
-8
Let v(j) be the third derivative of -j**5/60 - j**4/3 + j**3/6 - 2*j**2. Let h be v(-8). Let n(z) = -2 + 3*z - 4*z + h. Give n(4).
-5
Let h(k) be the second derivative of k**5/20 + k**4/12 - k**2/2 + k. Let w be (-12)/15*(-12 + 2). Let n be (-2)/8 + w/32. Give h(n).
-1
Let w(j) = j - 3. Let t(i) = -i + 2. Let m be t(-5). Give w(m).
4
Suppose 2*r = -r. Let k = -3 + 7. Let x(j) = -5*j + k*j + 1 + 0*j**3 + j**3. What is x(r)?
1
Suppose 0 = -2*j + 30. Let u(s) = j*s - 4 + 4 - s**2 - 10*s. What is u(6)?
-6
Suppose 3*u = -7 - 20. Let t(s) = -s**2 - 9*s - 3. Give t(u).
-3
Let c = 188 + -192. Let m(t) = -11*t**2 - 23*t - 1. Let v(b) = 5*b**2 + 11*b + 1. Let f(n) = -4*m(n) - 9*v(n). Calculate f(c).
7
Let b(h) be the third derivative of -13*h**4/24 + h**3/6 + 24*h**2. Determine b(1).
-12
Let h(f) = -f - 1. Let r(j) = -j**2 - 14*j + 35. Let y be r(-16). What is h(y)?
-4
Let a(z) = 7*z**2 - 6*z + 5. Let c(x) = 6*x**2 - 5*x + 4. Let i(n) = 3*a(n) - 4*c(n). Determine i(2).
-9
Let z(n) = -1. Let s(w) = -7*w - 9. Let f(d) = -d - 1. Let x(o) = -2*f(o) + s(o). Let b(a) = -x(a) + 6*z(a). Let p be -3*(1/3)/(-1). What is b(p)?
6
Let i(f) = -f**3 + 8*f**2 - 9*f + 8. Suppose -p = 5*o + 2*p - 35, 0 = 4*o + 2*p - 28. What is i(o)?
-6
Let x(v) be the second derivative of 1/2*v**2 - 3*v + v**3 + 0. What is x(1)?
7
Let m = 19 - 19. Suppose 0 = y - m - 4. Let x(c) = c**3 - 5*c**2 + 5*c - 1. Determine x(y).
3
Let o(x) be the third derivative of -x**6/360 + x**5/24 - x**4/4 + x**3/6 + 2*x**2. Let r(k) be the first derivative of o(k). Give r(4).
-2
Let p(x) = x - 11. Let w be (-2)/1*(3 - 5). Suppose -w*b + b + 27 = 4*y, y = 4*b - 17. Suppose -y*g + 19 = 4. Determine p(g).
-6
Let h = -14 - -15. Let k be h/(4/(-12)) + -3. Let r(t) = -t**3 - 5*t**2 + 5*t - 7. What is r(k)?
-1
Let k(x) be the second derivative of x**5/20 + x**4/6 - 5*x**3/6 - 2*x**2 + x. Let z be k(-3). Suppose z*n = 4*n - 10. Let i(c) = 2*c - 5. Give i(n).
5
Let z(t) = -2*t**2 + 2*t. Let i = 13 + -11. Suppose 0 = -i*w - 2*s - 3*s + 1, 0 = 3*w + 2*s + 4. Determine z(w).
-12
Let c(f) be the third derivative of -f**8/20160 - f**7/1008 + f**6/360 - f**5/15 - 2*f**2. Let o(h) be the third derivative of c(h). Determine o(-4).
6
Let b(i) = i - 3. Let a be b(5). Let u(f) = 0 - 2 + 1 - a*f. Suppose 5 = 2*g - 3*g. Calculate u(g).
9
Let a(l) = 2*l**2 - 8*l + 5. Let o be a(6). Let t be (2 - o) + -1 + 1. Let s be 3/((t/12)/3). Let c(p) = p**2 + 3*p - 3. Give c(s).
1
Let r(w) be the third derivative of 0*w + 0*w**4 + 0*w**3 + 0 - 1/60*w**6 - 5*w**2 - 1/30*w*